{"id":349,"date":"2022-09-30T00:04:32","date_gmt":"2022-09-29T22:04:32","guid":{"rendered":"https:\/\/rhein-faehre.de\/?page_id=349"},"modified":"2026-05-03T16:47:16","modified_gmt":"2026-05-03T14:47:16","slug":"fahrzeiten","status":"publish","type":"page","link":"https:\/\/rhein-faehre.de\/index.php\/fahrzeiten\/","title":{"rendered":"Fahrzeiten Michaela II"},"content":{"rendered":"<div class=\"style-815 style-local-349-c1 position-relative\" data-colibri-id=\"349-c1\">\n<div id=\"reusable-sections\" class=\"h-section h-section-global-spacing d-flex align-items-lg-center align-items-md-center align-items-center style-816 style-local-349-c2 position-relative\" data-colibri-component=\"section\" data-colibri-id=\"349-c2\">\n<div class=\"h-section-grid-container h-section-boxed-container\">\n<div class=\"h-row-container gutters-row-lg-0 gutters-row-md-0 gutters-row-0 gutters-row-v-lg-0 gutters-row-v-md-0 gutters-row-v-0 style-817 style-local-349-c3 position-relative\" data-colibri-id=\"349-c3\">\n<div class=\"h-row justify-content-lg-center justify-content-md-center justify-content-center align-items-lg-stretch align-items-md-stretch align-items-stretch gutters-col-lg-0 gutters-col-md-0 gutters-col-0 gutters-col-v-lg-0 gutters-col-v-md-0 gutters-col-v-0\">\n<div class=\"h-column h-column-container d-flex h-col-lg-auto h-col-md-auto h-col-auto style-818-outer style-local-349-c4-outer\">\n<div class=\"d-flex h-flex-basis h-column__inner h-px-lg-2 h-px-md-2 h-px-2 v-inner-lg-2 v-inner-md-2 v-inner-2 style-818 style-local-349-c4 position-relative\" data-colibri-id=\"349-c4\">\n<div class=\"w-100 h-y-container h-column__content h-column__v-align flex-basis-100 align-self-lg-start align-self-md-start align-self-start\">\n<div class=\"page-title style-819 style-local-349-c5 position-relative h-element\" data-colibri-id=\"349-c5\">\n<div class=\"h-page-title__outer style-819-outer style-local-349-c5-outer\">\n<div class=\"h-global-transition-all\"><span><h1 style='margin-bottom:0'>Fahrzeiten Michaela II<\/h1><\/span><\/div>\n<\/div>\n<\/div>\n<\/div>\n<\/div>\n<\/div>\n<div class=\"h-column h-column-container d-flex h-col-lg-auto h-col-md-auto h-col-auto style-820-outer style-local-349-c6-outer\">\n<div class=\"d-flex h-flex-basis h-column__inner h-px-lg-2 h-px-md-2 h-px-2 v-inner-lg-2 v-inner-md-2 v-inner-2 style-820 style-local-349-c6 position-relative\" data-colibri-id=\"349-c6\">\n<div class=\"w-100 h-y-container h-column__content h-column__v-align flex-basis-100 align-self-lg-start align-self-md-start align-self-start\">\n<div class=\"h-text h-text-component style-821 style-local-349-c7 position-relative h-element\" data-colibri-id=\"349-c7\">\n<div class=\"\">\n\nZu den angegebenen Zeiten fahren wir nach Bedarf, d.h. wir haben keinen festen Fahrplan. Sobald wir Sie auf der anderen Rheinseite erkennen, kommen wir Sie nat\u00fcrlich holen &#8211; sofern es der Schiffsverkehr auf dem Rhein zul\u00e4sst. Bitte\nhaben Sie jedoch Verst\u00e4ndnis, dass dies ein paar Minuten dauern kann. Um zus\u00e4tzlich auf sich aufmerksam zu machen, k\u00f6nnen Sie auch die Telefonnummer 02150 6530 (Telefon an Bord) w\u00e4hlen.\n\n&nbsp;\n<h4>&nbsp;<\/h4>\n<h4>Fr\u00fchjahr 2026 (01. Mai 2026 &#8211; 03. Mai 2026)<\/h4>\n<ul>\n \t<li><span style=\"color: #ff0000;\">Sa\/So\/Feiertags: 10.00 bis 19.00 Uhr<\/span><\/li>\n<\/ul>\n<h4>&nbsp;Fr\u00fchjahr 2026 (04. Mai 2026 &#8211; 31. Mai 2026)<\/h4>\n<ul>\n \t<li><span style=\"color: #ff0000;\">Sa\/So\/Feiertags: 10.00 bis 19.00 Uhr<\/span><\/li>\n<\/ul>\n<h4><strong>Sommer 2026 (01. Juni 2026 &#8211; 18. September 2026)<\/strong><\/h4>\n<ul>\n \t<li>Werktags: 7.30 bis 20.00 Uhr (<span style=\"color: #ff0000;\">ist noch nicht sicher, entscheidet sich am Ende der Testphase!<\/span>)<\/li>\n \t<li><span style=\"color: #ff0000;\">Sa\/So\/Feiertags<\/span>: 10.00 bis 20.00 Uhr&nbsp;<\/li>\n \t<li>&nbsp;<\/li>\n \t<li><span style=\"color: #000000;\">Samstag den 16.05.2026 ist<\/span> <span style=\"color: #ff0000;\"><strong>kein F\u00e4hrbetrieb! <\/strong><span style=\"color: #000000;\">&nbsp;<em>Weindampfer<\/em><\/span><\/span><\/li>\n \t<li><span style=\"color: #000000;\">Samstag den 23.05.2026 ist <strong><span style=\"color: #ff0000;\">kein F\u00e4hrbetrieb! <\/span><\/strong><\/span>&nbsp;<em><span style=\"color: #ff0000;\">Japanfeuerwerk<\/span><\/em>. &nbsp; &nbsp;<\/li>\n \t<li><span style=\"color: #000000;\">Samstag den 06.06.2026 ist<\/span> <span style=\"color: #ff0000;\"><strong>kein F\u00e4hrbetrieb! <\/strong><em><span style=\"color: #000000;\">Weindampfer<\/span><\/em><\/span><\/li>\n \t<li><span style=\"color: #000000;\">Samstag den 20.06.2026 ist<\/span> <span style=\"color: #ff0000;\"><strong>kein F\u00e4hrbetrieb! <\/strong><em><span style=\"color: #000000;\">Weindampfer<\/span><\/em><\/span><\/li>\n \t<li><span style=\"color: #000000;\">Samstag den 27.06.2026 ist<\/span> <strong><span style=\"color: #ff0000;\">kein F\u00e4hrbetrieb! <\/span><\/strong><em><span style=\"color: #ff0000;\"><span style=\"color: #000000;\">Spinning<\/span><\/span><\/em><\/li>\n \t<li><span style=\"color: #ff0000;\"><span style=\"color: #000000;\">Samstag den 04.07.2026 ist<\/span><strong> kein F\u00e4hrbetrieb!&nbsp;<\/strong><\/span> <em>Weindampfer<\/em><\/li>\n \t<li><span style=\"color: #000000;\">Freitag den<\/span> <span style=\"color: #0000ff;\"><em><strong>17.07.- einschl. 26.07.2026<\/strong><\/em><\/span> ist zwischen Langst + Kaiserswerth <strong><span style=\"color: #ff0000;\">kein F\u00e4hrbetrieb<\/span><\/strong>. &nbsp;<\/li>\n \t<li><span style=\"color: #000000;\">Sie finden uns zu dieser Zeit ausschlie\u00dflich in D\u00fcsseldorf, zwischen Altstadt und Festwiese als Kirmesf\u00e4hre!<\/span><\/li>\n \t<li><span style=\"color: #000000;\">Samstag den 08.08.2026 ist<\/span> <strong><span style=\"color: #ff0000;\">kein F\u00e4hrbetrieb!<\/span> <\/strong><em>Weindampfer &nbsp; &nbsp;<\/em> &nbsp; &nbsp; &nbsp; &nbsp; &nbsp; &nbsp; &nbsp; &nbsp; &nbsp; &nbsp; &nbsp; &nbsp; &nbsp; &nbsp; &nbsp; &nbsp; &nbsp; &nbsp; &nbsp; &nbsp; &nbsp; &nbsp; &nbsp; &nbsp; &nbsp; &nbsp; &nbsp; &nbsp; &nbsp; &nbsp; &nbsp; &nbsp; &nbsp; &nbsp; &nbsp; &nbsp; &nbsp; &nbsp; &nbsp; &nbsp; &nbsp; &nbsp; &nbsp; &nbsp;<\/li>\n<\/ul>\n<h4><strong>Herbst 2026 (19. September 2026 &#8211; 16. Oktober 2026)&nbsp;<\/strong><\/h4>\n<ul>\n \t<li><span style=\"color: #e30d0d;\">Sa\/So\/Feiertags<\/span> 10:00 bis 19:00 Uhr<\/li>\n<\/ul>\n<h4><strong>Winter 2026 (17. Oktober 2026 &#8211; 18. Dezember 2026)<\/strong><\/h4>\n<ul>\n \t<li><span style=\"color: #ff0000;\">Sa\/So\/Feiertags<\/span>: 10:00 bis 18.00 Uhr<\/li>\n<\/ul>\n&nbsp;\n\nBetriebsferien der Rheinf\u00e4hre beginnen am 18.Dezember 12.00 Uhr!\n\n<\/div>\n&nbsp;\n<div class=\"\">\n\nUnsere Allgemeinen Bef\u00f6rderungsbedingungen finden Sie hier:\n\n<a style=\"font-family: 'Open Sans'; font-weight: 400; font-size: 1em; color: #03a9f4;\" draggable=\"false\" href=\"https:\/\/rhein-faehre.de\/index.php\/befoerderungsbedingungen\">Allgemeine Bef\u00f6rderungsbedingungen der Rheinf\u00e4hre Langst-Kaiserswerth, Sch\u00e4fer GmbH<\/a>\n\n<\/div>\n<\/div>\n<\/div>\n<\/div>\n<\/div>\n<\/div>\n<\/div>\n<\/div>\n<\/div>\n<\/div>","protected":false},"excerpt":{"rendered":"<p>Zu den angegebenen Zeiten fahren wir nach Bedarf, d.h. wir haben keinen festen Fahrplan. Sobald wir Sie auf der anderen Rheinseite erkennen, kommen wir Sie nat\u00fcrlich holen &#8211; sofern es der Schiffsverkehr auf dem Rhein zul\u00e4sst. Bitte haben Sie jedoch Verst\u00e4ndnis, dass dies ein paar Minuten dauern kann. Um zus\u00e4tzlich auf sich aufmerksam zu machen, [&hellip;]<\/p>\n","protected":false},"author":1,"featured_media":0,"parent":0,"menu_order":0,"comment_status":"closed","ping_status":"closed","template":"page-templates\/full-width-page.php","meta":{"ngg_post_thumbnail":0,"footnotes":""},"class_list":["post-349","page","type-page","status-publish","hentry"],"_links":{"self":[{"href":"https:\/\/rhein-faehre.de\/index.php\/wp-json\/wp\/v2\/pages\/349","targetHints":{"allow":["GET"]}}],"collection":[{"href":"https:\/\/rhein-faehre.de\/index.php\/wp-json\/wp\/v2\/pages"}],"about":[{"href":"https:\/\/rhein-faehre.de\/index.php\/wp-json\/wp\/v2\/types\/page"}],"author":[{"embeddable":true,"href":"https:\/\/rhein-faehre.de\/index.php\/wp-json\/wp\/v2\/users\/1"}],"replies":[{"embeddable":true,"href":"https:\/\/rhein-faehre.de\/index.php\/wp-json\/wp\/v2\/comments?post=349"}],"version-history":[{"count":20,"href":"https:\/\/rhein-faehre.de\/index.php\/wp-json\/wp\/v2\/pages\/349\/revisions"}],"predecessor-version":[{"id":15397,"href":"https:\/\/rhein-faehre.de\/index.php\/wp-json\/wp\/v2\/pages\/349\/revisions\/15397"}],"wp:attachment":[{"href":"https:\/\/rhein-faehre.de\/index.php\/wp-json\/wp\/v2\/media?parent=349"}],"curies":[{"name":"wp","href":"https:\/\/api.w.org\/{rel}","templated":true}]}}