{"id":2747,"date":"2023-05-24T21:03:44","date_gmt":"2023-05-24T19:03:44","guid":{"rendered":"https:\/\/rhein-faehre.de\/?page_id=2747"},"modified":"2026-05-03T17:38:18","modified_gmt":"2026-05-03T15:38:18","slug":"japanisches-feuerwerk","status":"publish","type":"page","link":"https:\/\/rhein-faehre.de\/index.php\/japanisches-feuerwerk\/","title":{"rendered":"Japanisches Feuerwerk"},"content":{"rendered":"<div class=\"style-1195 style-local-2747-c1 position-relative\" data-colibri-id=\"2747-c1\">\n<div id=\"content\" class=\"h-section h-section-global-spacing d-flex align-items-lg-center align-items-md-center align-items-center style-1202 style-local-2747-c2 position-relative\" data-colibri-component=\"section\" data-colibri-id=\"2747-c2\">\n<div class=\"h-section-grid-container h-section-boxed-container\">\n<div class=\"h-row-container gutters-row-lg-2 gutters-row-md-2 gutters-row-2 gutters-row-v-lg-2 gutters-row-v-md-2 gutters-row-v-2 style-1214 style-local-2747-c26 position-relative\" data-colibri-id=\"2747-c26\">\n<div class=\"h-row justify-content-lg-center justify-content-md-center justify-content-center align-items-lg-stretch align-items-md-stretch align-items-stretch gutters-col-lg-2 gutters-col-md-2 gutters-col-2 gutters-col-v-lg-2 gutters-col-v-md-2 gutters-col-v-2\">\n<div class=\"h-column h-column-container d-flex h-col-lg-auto h-col-md-auto h-col-auto style-1215-outer style-local-2747-c27-outer\">\n<div class=\"d-flex h-flex-basis h-column__inner h-px-lg-2 h-px-md-2 h-px-2 v-inner-lg-2 v-inner-md-2 v-inner-2 style-1215 style-local-2747-c27 position-relative\" data-colibri-id=\"2747-c27\">\n<div class=\"w-100 h-y-container h-column__content h-column__v-align flex-basis-100 align-self-lg-start align-self-md-start align-self-start\">\n<div class=\"h-global-transition-all h-heading style-1216 style-local-2747-c28 position-relative h-element\" data-colibri-id=\"2747-c28\">\n<div class=\"h-heading__outer style-1216 style-local-2747-c28\">\n<h2 class=\"\">Japanisches Feuerwerk am 23.05.2026<\/h2>\n<\/div>\n<\/div>\n<div class=\"h-lead h-text h-text-component style-1217 style-local-2747-c29 position-relative h-element\" data-colibri-id=\"2747-c29\">\n<div class=\"\">\n\nJedes Jahr zieht der\n<a href=\"https:\/\/www.japantag-duesseldorf-nrw.de\" target=\"_blank\" rel=\"nofollow noopener\"><strong>Japan-Tag D\u00fcsseldorf\/NRW<\/strong><\/a> mehr als eine Millionen Besucher in die\n<a href=\"https:\/\/www.duesseldorf.de\/de\" target=\"_blank\" rel=\"nofollow noopener\">Landeshauptstadt D\u00fcsseldorf<\/a>. Seit&nbsp;vielen Jahren&nbsp;wird das Begegnungsfest im Fr\u00fchsommer am D\u00fcsseldorfer Rheinufer gefeiert. Den Abschluss bildet jedes Jahr das <strong>japanische Feuerwerk<\/strong>, das weit \u00fcber die\nGrenzen D\u00fcsseldorfs hinaus bekannt ist.\n\n<\/div>\n<\/div>\n<\/div>\n<\/div>\n<\/div>\n<\/div>\n<\/div>\n<div class=\"h-row-container gutters-row-lg-2 gutters-row-md-2 gutters-row-2 gutters-row-v-lg-2 gutters-row-v-md-2 gutters-row-v-2 style-1203 style-local-2747-c3 position-relative\" data-colibri-id=\"2747-c3\">\n<div class=\"h-row justify-content-lg-center justify-content-md-center justify-content-center align-items-lg-stretch align-items-md-stretch align-items-stretch gutters-col-lg-2 gutters-col-md-2 gutters-col-2 gutters-col-v-lg-2 gutters-col-v-md-2 gutters-col-v-2\">\n<div class=\"h-column h-column-container d-flex h-col-lg-auto h-col-md-auto h-col-auto style-1204-outer style-local-2747-c4-outer\">\n<div class=\"d-flex h-flex-basis h-column__inner h-px-lg-0 h-px-md-0 h-px-0 v-inner-lg-0 v-inner-md-0 v-inner-0 style-1204 style-local-2747-c4 position-relative\" data-colibri-id=\"2747-c4\">\n<div class=\"w-100 h-y-container h-column__content h-column__v-align flex-basis-100 align-self-lg-start align-self-md-start align-self-start\">\n<div class=\"h-row-container gutters-row-lg-2 gutters-row-md-2 gutters-row-2 gutters-row-v-lg-2 gutters-row-v-md-2 gutters-row-v-2 style-1205 style-local-2747-c5 position-relative\" data-colibri-id=\"2747-c5\">\n<div class=\"h-row justify-content-lg-center justify-content-md-center justify-content-center align-items-lg-stretch align-items-md-stretch align-items-stretch gutters-col-lg-2 gutters-col-md-2 gutters-col-2 gutters-col-v-lg-2 gutters-col-v-md-2 gutters-col-v-2\">\n<div class=\"h-column h-column-container d-flex h-col-lg-auto h-col-md-auto h-col-auto style-1206-outer style-local-2747-c6-outer\">\n<div class=\"d-flex h-flex-basis h-column__inner h-px-lg-0 h-px-md-0 h-px-0 v-inner-lg-0 v-inner-md-0 v-inner-0 style-1206 style-local-2747-c6 position-relative\" data-colibri-id=\"2747-c6\">\n<div class=\"w-100 h-y-container h-column__content h-column__v-align flex-basis-100 align-self-lg-center align-self-md-center align-self-center\">\n<div class=\"h-global-transition-all h-heading style-1207 style-local-2747-c7 position-relative h-element\" data-colibri-id=\"2747-c7\">\n<div class=\"h-heading__outer style-1207 style-local-2747-c7\">\n<h4 class=\"\">Die Michaela II beim Japanischen Feuerwerk<\/h4>\n<\/div>\n<\/div>\n<div class=\"h-text h-text-component style-1208 style-local-2747-c8 position-relative h-element\" data-colibri-id=\"2747-c8\">\n<div class=\"\">\n\nAuch die Michaela II macht sich jedes Jahr von Langst\/Kaiserswerth auf den Weg in die Altstadt, damit Sie das Feuerwerk mit uns aus der ersten Reihe genie\u00dfen k\u00f6nnen. Wir sorgen f\u00fcr einen unvergesslichen Abend.\n\n&nbsp;\n\n<\/div>\n<\/div>\n<\/div>\n<\/div>\n<\/div>\n<div class=\"h-column h-column-container d-flex h-col-lg-auto h-col-md-auto h-col-auto style-1209-outer style-local-2747-c9-outer\">\n<div class=\"d-flex h-flex-basis h-column__inner h-px-lg-0 h-px-md-0 h-px-0 v-inner-lg-0 v-inner-md-0 v-inner-0 style-1209 style-local-2747-c9 position-relative\" data-colibri-id=\"2747-c9\">\n<div class=\"w-100 h-y-container h-column__content h-column__v-align flex-basis-100 align-self-lg-center align-self-md-center align-self-center\">\n<div class=\"d-block h-video d-block h-video style-1227 style-local-2747-c10 position-relative h-element\" data-colibri-component=\"video\" data-colibri-id=\"2747-c10\">\n<div class=\"video-container position-relative\">\n<div class=\"h-global-transition-all ratio-inner\"><video class='h-video-main' autoplay muted loop controls  ><source src=https:\/\/rhein-faehre.de\/wp-content\/uploads\/2023\/05\/VID-20230514-WA0000.mp4 type='video\/mp4' \/><\/video><\/div>\n<\/div>\n<\/div>\n<\/div>\n<\/div>\n<\/div>\n<\/div>\n<\/div>\n<div class=\"h-row-container gutters-row-lg-2 gutters-row-md-2 gutters-row-2 gutters-row-v-lg-2 gutters-row-v-md-2 gutters-row-v-2 style-1205 style-local-2747-c12 position-relative\" data-colibri-id=\"2747-c12\">\n<div class=\"h-row justify-content-lg-center justify-content-md-center justify-content-center align-items-lg-stretch align-items-md-stretch align-items-stretch gutters-col-lg-2 gutters-col-md-2 gutters-col-2 gutters-col-v-lg-2 gutters-col-v-md-2 gutters-col-v-2\">\n<div class=\"h-column h-column-container d-flex h-col-lg-auto h-col-md-auto h-col-auto style-1210-outer style-local-2747-c13-outer\">\n<div class=\"d-flex h-flex-basis h-column__inner h-ui-empty-state-container h-px-lg-0 h-px-md-0 h-px-0 v-inner-lg-0 v-inner-md-0 v-inner-0 style-1210 style-local-2747-c13 position-relative\" data-colibri-id=\"2747-c13\">\n<div class=\"w-100 h-y-container h-column__content h-column__v-align flex-basis-100\">&nbsp;<\/div>\n<\/div>\n<\/div>\n<div class=\"h-column h-column-container d-flex h-col-lg-auto h-col-md-auto h-col-auto style-1206-outer style-local-2747-c14-outer\">\n<div class=\"d-flex h-flex-basis h-column__inner h-px-lg-0 h-px-md-0 h-px-0 v-inner-lg-0 v-inner-md-0 v-inner-0 style-1206 style-local-2747-c14 position-relative\" data-colibri-id=\"2747-c14\">\n<div class=\"w-100 h-y-container h-column__content h-column__v-align flex-basis-100 align-self-lg-center align-self-md-center align-self-center\">\n<div class=\"h-global-transition-all h-heading style-1207 style-local-2747-c15 position-relative h-element\" data-colibri-id=\"2747-c15\">\n<div class=\"h-heading__outer style-1207 style-local-2747-c15\">\n<h4 class=\"\">Abfahrt<\/h4>\n<\/div>\n<\/div>\n<div class=\"h-text h-text-component style-1211 style-local-2747-c16 position-relative h-element\" data-colibri-id=\"2747-c16\">\n<div class=\"\">\n\nSie steigen um 17.00 Uhr in Langst oder um 17.15 Uhr in Kaiserswerth ein (wer zu sp\u00e4t kommt hat Pech! Keine Erstattung der Fahrkarten). Neuer Einstieg ist Altstadt\/Kasematten um 19.00 Uhr\n\n<\/div>\n<\/div>\n<\/div>\n<\/div>\n<\/div>\n<\/div>\n<\/div>\n<div class=\"h-row-container gutters-row-lg-2 gutters-row-md-2 gutters-row-2 gutters-row-v-lg-2 gutters-row-v-md-2 gutters-row-v-2 style-1205 style-local-2747-c17 position-relative\" data-colibri-id=\"2747-c17\">\n<div class=\"h-row justify-content-lg-center justify-content-md-center justify-content-center align-items-lg-stretch align-items-md-stretch align-items-stretch gutters-col-lg-2 gutters-col-md-2 gutters-col-2 gutters-col-v-lg-2 gutters-col-v-md-2 gutters-col-v-2\">\n<div class=\"h-column h-column-container d-flex h-col-lg-auto h-col-md-auto h-col-auto style-1206-outer style-local-2747-c18-outer\">\n<div class=\"d-flex h-flex-basis h-column__inner h-px-lg-0 h-px-md-0 h-px-0 v-inner-lg-0 v-inner-md-0 v-inner-0 style-1206 style-local-2747-c18 position-relative\" data-colibri-id=\"2747-c18\">\n<div class=\"w-100 h-y-container h-column__content h-column__v-align flex-basis-100 align-self-lg-center align-self-md-center align-self-center\">\n<div class=\"h-global-transition-all h-heading style-1207 style-local-2747-c19 position-relative h-element\" data-colibri-id=\"2747-c19\">\n<div class=\"h-heading__outer style-1207 style-local-2747-c19\">\n<h4 class=\"\">Musik &amp; Kulinarik<\/h4>\n<\/div>\n<\/div>\n<div class=\"h-text h-text-component style-1212 style-local-2747-c20 position-relative h-element\" data-colibri-id=\"2747-c20\">\n<div class=\"\">\n\n<span style=\"font-size: revert;\">Musikalisch werden wir 2026 vom Team \u201eWeindampfer\u201c begleitet. F\u00fcr das leibliche Wohl ist auch gesorgt, das Team vom Fischhaus wir sie mit verschiedenen Variationen von Fischbr\u00f6tchen \u00fcberraschen. Getr\u00e4nke k\u00f6nnen an Bord gekauft und mit EC-Karte bezahlt werden. Eigenen Getr\u00e4nke sind nicht gestattet.<\/span>\n\n<\/div>\n<\/div>\n<\/div>\n<\/div>\n<\/div>\n<div class=\"h-column h-column-container d-flex h-col-lg-auto h-col-md-auto h-col-auto style-1213-outer style-local-2747-c21-outer\">\n<div class=\"d-flex h-flex-basis h-column__inner h-ui-empty-state-container h-px-lg-0 h-px-md-0 h-px-0 v-inner-lg-0 v-inner-md-0 v-inner-0 style-1213 style-local-2747-c21 position-relative\" data-colibri-id=\"2747-c21\">\n<div class=\"w-100 h-y-container h-column__content h-column__v-align flex-basis-100\">&nbsp;<\/div>\n<\/div>\n<\/div>\n<\/div>\n<\/div>\n<\/div>\n<\/div>\n<\/div>\n<div class=\"h-column h-column-container d-flex h-col-lg-auto h-col-md-auto h-col-auto style-1225-outer style-local-2747-c22-outer\">\n<div class=\"d-flex h-flex-basis h-column__inner h-px-lg-2 h-px-md-2 h-px-2 v-inner-lg-2 v-inner-md-2 v-inner-2 style-1225 style-local-2747-c22 position-relative\" data-colibri-id=\"2747-c22\">\n<div class=\"w-100 h-y-container h-column__content h-column__v-align flex-basis-100 align-self-lg-start align-self-md-start align-self-start\">\n<div class=\"h-text h-text-component style-1226 style-local-2747-c23 position-relative h-element\" data-colibri-id=\"2747-c23\">\n<div class=\"\">\n\n<span style=\"color: #ff0000;\">!! An diesem Tag ist die F\u00e4hre nicht in Betrieb !!<\/span>\n\n<\/div>\n<\/div>\n<div class=\"h-text h-text-component style-1229 style-local-2747-c24 position-relative h-element\" data-colibri-id=\"2747-c24\">\n<div class=\"\">\n\nGegen 22.30 Uhr beginnt das Feuerwerk und anschlie\u00dfend geht es wieder zur\u00fcck zum Einstiegsort. Zuerst Altstadt\/Kasematten und danach gehts zur\u00fcck nach Kaiserswerth und zuletzt nach Langst. <span style=\"font-weight: 600;\">Achtung, wir fahren nur ein mal Kaiserswerth an!<\/span>\n<h4><span style=\"color: #ff0000;\">Bitte bringen Sie keine eigenen Getr\u00e4nke mit!<\/span><\/h4>\nDer gr\u00f6\u00dfte Teil der Fahrbahn ist mit einem Zelt \u00fcberdacht, Sie sollten aber trotzdem entsprechende Kleidung mitbringen. (Bilder in der Galerie!)\n\n&nbsp;\n\nVielen lieben Dank f\u00fcr den kurzen Clip oben geht an Frau K\u00fcffner von der \u201eWei\u00dfen Flotte D\u00fcsseldorf\u201c.\n\n<\/div>\n<\/div>\n<\/div>\n<\/div>\n<\/div>\n<\/div>\n<\/div>\n<\/div>\n<\/div>\n<\/div>","protected":false},"excerpt":{"rendered":"<p>Japanisches Feuerwerk am 23.05.2026 Jedes Jahr zieht der Japan-Tag D\u00fcsseldorf\/NRW mehr als eine Millionen Besucher in die Landeshauptstadt D\u00fcsseldorf. Seit&nbsp;vielen Jahren&nbsp;wird das Begegnungsfest im Fr\u00fchsommer am D\u00fcsseldorfer Rheinufer gefeiert. Den Abschluss bildet jedes Jahr das japanische Feuerwerk, das weit \u00fcber die Grenzen D\u00fcsseldorfs hinaus bekannt ist. Die Michaela II beim Japanischen Feuerwerk Auch die Michaela [&hellip;]<\/p>\n","protected":false},"author":1,"featured_media":0,"parent":0,"menu_order":0,"comment_status":"closed","ping_status":"closed","template":"page-templates\/full-width-page.php","meta":{"ngg_post_thumbnail":0,"footnotes":""},"class_list":["post-2747","page","type-page","status-publish","hentry"],"_links":{"self":[{"href":"https:\/\/rhein-faehre.de\/index.php\/wp-json\/wp\/v2\/pages\/2747","targetHints":{"allow":["GET"]}}],"collection":[{"href":"https:\/\/rhein-faehre.de\/index.php\/wp-json\/wp\/v2\/pages"}],"about":[{"href":"https:\/\/rhein-faehre.de\/index.php\/wp-json\/wp\/v2\/types\/page"}],"author":[{"embeddable":true,"href":"https:\/\/rhein-faehre.de\/index.php\/wp-json\/wp\/v2\/users\/1"}],"replies":[{"embeddable":true,"href":"https:\/\/rhein-faehre.de\/index.php\/wp-json\/wp\/v2\/comments?post=2747"}],"version-history":[{"count":20,"href":"https:\/\/rhein-faehre.de\/index.php\/wp-json\/wp\/v2\/pages\/2747\/revisions"}],"predecessor-version":[{"id":15404,"href":"https:\/\/rhein-faehre.de\/index.php\/wp-json\/wp\/v2\/pages\/2747\/revisions\/15404"}],"wp:attachment":[{"href":"https:\/\/rhein-faehre.de\/index.php\/wp-json\/wp\/v2\/media?parent=2747"}],"curies":[{"name":"wp","href":"https:\/\/api.w.org\/{rel}","templated":true}]}}