{"id":2710,"date":"2023-05-24T20:26:35","date_gmt":"2023-05-24T18:26:35","guid":{"rendered":"https:\/\/rhein-faehre.de\/?page_id=2710"},"modified":"2024-06-13T09:25:46","modified_gmt":"2024-06-13T07:25:46","slug":"die-party-faehre","status":"publish","type":"page","link":"https:\/\/rhein-faehre.de\/index.php\/die-party-faehre\/","title":{"rendered":"Die Party F\u00e4hre"},"content":{"rendered":"<div class=\"style-1162 style-local-2710-c1 position-relative\" data-colibri-id=\"2710-c1\">\n<div id=\"reusable-sections\" class=\"h-section h-section-global-spacing d-flex align-items-lg-center align-items-md-center align-items-center style-1163 style-local-2710-c2 position-relative\" data-colibri-component=\"section\" data-colibri-id=\"2710-c2\">\n<div class=\"h-section-grid-container h-section-boxed-container\">\n<div class=\"h-row-container gutters-row-lg-0 gutters-row-md-0 gutters-row-0 gutters-row-v-lg-0 gutters-row-v-md-0 gutters-row-v-0 style-1164 style-local-2710-c3 position-relative\" data-colibri-id=\"2710-c3\">\n<div class=\"h-row justify-content-lg-center justify-content-md-center justify-content-center align-items-lg-stretch align-items-md-stretch align-items-stretch gutters-col-lg-0 gutters-col-md-0 gutters-col-0 gutters-col-v-lg-0 gutters-col-v-md-0 gutters-col-v-0\">\n<div class=\"h-column h-column-container d-flex h-col-lg-auto h-col-md-auto h-col-auto style-1165-outer style-local-2710-c4-outer\">\n<div class=\"d-flex h-flex-basis h-column__inner h-px-lg-2 h-px-md-2 h-px-2 v-inner-lg-2 v-inner-md-2 v-inner-2 style-1165 style-local-2710-c4 position-relative\" data-colibri-id=\"2710-c4\">\n<div class=\"w-100 h-y-container h-column__content h-column__v-align flex-basis-100 align-self-lg-start align-self-md-start align-self-start\">\n<div class=\"page-title style-1166 style-local-2710-c5 position-relative h-element\" data-colibri-id=\"2710-c5\">\n<div class=\"h-page-title__outer style-1166-outer style-local-2710-c5-outer\">\n<div class=\"h-global-transition-all\"><span><h1 style='margin-bottom:0'>Die Party F\u00e4hre<\/h1><\/span><\/div>\n<\/div>\n<\/div>\n<\/div>\n<\/div>\n<\/div>\n<div class=\"h-column h-column-container d-flex h-col-lg-auto h-col-md-auto h-col-auto style-1167-outer style-local-2710-c6-outer\">\n<div class=\"d-flex h-flex-basis h-column__inner h-px-lg-2 h-px-md-2 h-px-2 v-inner-lg-2 v-inner-md-2 v-inner-2 style-1167 style-local-2710-c6 position-relative\" data-colibri-id=\"2710-c6\">\n<div class=\"w-100 h-y-container h-column__content h-column__v-align flex-basis-100 align-self-lg-start align-self-md-start align-self-start\">\n<div class=\"h-text h-text-component style-1168 style-local-2710-c7 position-relative h-element\" data-colibri-id=\"2710-c7\">\n<div class=\"\">\n\nAuf \u00fcber 300 qm richten wir Ihre Firmen\/Private Feier aus. Bei uns haben Max. 450 G\u00e4ste Platz um ausgiebig zu feiern.\n\nBei uns ist immer \u201eOpen Air\u201c!\n\nCa. die H\u00e4lfte der Fahrbahn kann mit einem Segel gegen zu viel Sonne oder Regen \u00fcberspannt werden. Bei der Frage \u201ewohin fahren wir denn?\u201c helfen wir gerne.\n\nIn den fr\u00fchen Abendstunden kann es los gehen, mit mehr oder weniger \u201eOpen End\u201c\u2026\n\nGerne beraten wir Sie pers\u00f6nlich zu den M\u00f6glichkeiten die die Rheinf\u00e4hre Ihnen bietet.\n\nErster Kontakt an\n<a draggable=\"false\" href=\"mailto:info@rhein-faehre.de\">info@rhein-faehre.de<\/a> oder direkt\n<a draggable=\"false\" href=\"tel:+491737044944\">0173-7044944<\/a>.\n\nWir freuen uns auf Sie!\n\n<\/div>\n<\/div>\n<div class=\"h-photo-gallery margin-none caption-none photo-gallery--with-hover-effect photo-gallery--with-hover-effect--zoom style-1194 style-local-2710-c33 position-relative h-element\" data-colibri-component=\"masonry\" data-colibri-id=\"2710-c33\">\n<div class=\"h-global-transition-all\"><div id='colibri-2710-c33' class='gallery-wrapper'>    <style type=\"text\/css\">\n\n        @media (min-width: 1023px) {        #colibri-2710-c33        dl {\n            float: left;\n            width: 25% !important;\n            max-width: 25% !important;\n            min-width: 25% !important;\n        }\n\n        #colibri-2710-c33        dl:nth-of-type(4n +1 ) {\n            clear: both;\n        }\n\n        }@media (min-width: 768px) and (max-width: 1023px) {        #colibri-2710-c33        dl {\n            float: left;\n            width: 25% !important;\n            max-width: 25% !important;\n            min-width: 25% !important;\n        }\n\n        #colibri-2710-c33        dl:nth-of-type(4n +1 ) {\n            clear: both;\n        }\n\n        }@media (max-width: 767px) {        #colibri-2710-c33        dl {\n            float: left;\n            width: 25% !important;\n            max-width: 25% !important;\n            min-width: 25% !important;\n        }\n\n        #colibri-2710-c33        dl:nth-of-type(4n +1 ) {\n            clear: both;\n        }\n\n        }\n        #colibri-2710-c33        .gallery-item {\n            position: relative;\n        }\n\n        \n    <\/style>\n    <div   class='colibri-2710-c33-dls-wrapper gallery-items-wrapper' ><dl class='gallery-item masonry-item'>\n\t\t\t<dt class='gallery-icon landscape'>\n\t\t\t\t<a data-fancybox=\"colibri-2710-c33-group\" href='https:\/\/rhein-faehre.de\/wp-content\/uploads\/2023\/05\/image0.jpeg'><img decoding=\"async\"  width=\"300\" height=\"225\" data-src=\"https:\/\/rhein-faehre.de\/wp-content\/uploads\/2023\/05\/image0-300x225.jpeg\"  class='colibri-2710-c33-image lazyload' alt=\"\" data-srcset=\"https:\/\/rhein-faehre.de\/wp-content\/uploads\/2023\/05\/image0-300x225.jpeg 300w, https:\/\/rhein-faehre.de\/wp-content\/uploads\/2023\/05\/image0-1024x768.jpeg 1024w, https:\/\/rhein-faehre.de\/wp-content\/uploads\/2023\/05\/image0-768x576.jpeg 768w, https:\/\/rhein-faehre.de\/wp-content\/uploads\/2023\/05\/image0-1536x1152.jpeg 1536w, https:\/\/rhein-faehre.de\/wp-content\/uploads\/2023\/05\/image0.jpeg 2016w\" data-sizes=\"(max-width: 300px) 100vw, 300px\" src=\"data:image\/svg+xml;base64,PHN2ZyB3aWR0aD0iMSIgaGVpZ2h0PSIxIiB4bWxucz0iaHR0cDovL3d3dy53My5vcmcvMjAwMC9zdmciPjwvc3ZnPg==\" style=\"--smush-placeholder-width: 300px; --smush-placeholder-aspect-ratio: 300\/225;\" \/><\/a>\n\t\t\t<\/dt><\/dl><dl class='gallery-item masonry-item'>\n\t\t\t<dt class='gallery-icon landscape'>\n\t\t\t\t<a data-fancybox=\"colibri-2710-c33-group\" href='https:\/\/rhein-faehre.de\/wp-content\/uploads\/2023\/05\/image1.jpeg'><img decoding=\"async\"  width=\"300\" height=\"225\" data-src=\"https:\/\/rhein-faehre.de\/wp-content\/uploads\/2023\/05\/image1-300x225.jpeg\"  class='colibri-2710-c33-image lazyload' alt=\"\" data-srcset=\"https:\/\/rhein-faehre.de\/wp-content\/uploads\/2023\/05\/image1-300x225.jpeg 300w, https:\/\/rhein-faehre.de\/wp-content\/uploads\/2023\/05\/image1-1024x768.jpeg 1024w, https:\/\/rhein-faehre.de\/wp-content\/uploads\/2023\/05\/image1-768x576.jpeg 768w, https:\/\/rhein-faehre.de\/wp-content\/uploads\/2023\/05\/image1-1536x1152.jpeg 1536w, https:\/\/rhein-faehre.de\/wp-content\/uploads\/2023\/05\/image1.jpeg 2016w\" data-sizes=\"(max-width: 300px) 100vw, 300px\" src=\"data:image\/svg+xml;base64,PHN2ZyB3aWR0aD0iMSIgaGVpZ2h0PSIxIiB4bWxucz0iaHR0cDovL3d3dy53My5vcmcvMjAwMC9zdmciPjwvc3ZnPg==\" style=\"--smush-placeholder-width: 300px; --smush-placeholder-aspect-ratio: 300\/225;\" \/><\/a>\n\t\t\t<\/dt><\/dl><dl class='gallery-item masonry-item'>\n\t\t\t<dt class='gallery-icon landscape'>\n\t\t\t\t<a data-fancybox=\"colibri-2710-c33-group\" href='https:\/\/rhein-faehre.de\/wp-content\/uploads\/2023\/05\/image2.jpeg'><img decoding=\"async\"  width=\"300\" height=\"169\" data-src=\"https:\/\/rhein-faehre.de\/wp-content\/uploads\/2023\/05\/image2-300x169.jpeg\"  class='colibri-2710-c33-image lazyload' alt=\"\" data-srcset=\"https:\/\/rhein-faehre.de\/wp-content\/uploads\/2023\/05\/image2-300x169.jpeg 300w, https:\/\/rhein-faehre.de\/wp-content\/uploads\/2023\/05\/image2-1024x576.jpeg 1024w, https:\/\/rhein-faehre.de\/wp-content\/uploads\/2023\/05\/image2-768x432.jpeg 768w, https:\/\/rhein-faehre.de\/wp-content\/uploads\/2023\/05\/image2.jpeg 1280w\" data-sizes=\"(max-width: 300px) 100vw, 300px\" src=\"data:image\/svg+xml;base64,PHN2ZyB3aWR0aD0iMSIgaGVpZ2h0PSIxIiB4bWxucz0iaHR0cDovL3d3dy53My5vcmcvMjAwMC9zdmciPjwvc3ZnPg==\" style=\"--smush-placeholder-width: 300px; --smush-placeholder-aspect-ratio: 300\/169;\" \/><\/a>\n\t\t\t<\/dt><\/dl><dl class='gallery-item masonry-item'>\n\t\t\t<dt class='gallery-icon landscape'>\n\t\t\t\t<a data-fancybox=\"colibri-2710-c33-group\" href='https:\/\/rhein-faehre.de\/wp-content\/uploads\/2023\/05\/image3.jpeg'><img decoding=\"async\"  width=\"300\" height=\"212\" data-src=\"https:\/\/rhein-faehre.de\/wp-content\/uploads\/2023\/05\/image3-300x212.jpeg\"  class='colibri-2710-c33-image lazyload' alt=\"\" data-srcset=\"https:\/\/rhein-faehre.de\/wp-content\/uploads\/2023\/05\/image3-300x212.jpeg 300w, https:\/\/rhein-faehre.de\/wp-content\/uploads\/2023\/05\/image3-1024x724.jpeg 1024w, https:\/\/rhein-faehre.de\/wp-content\/uploads\/2023\/05\/image3-768x543.jpeg 768w, https:\/\/rhein-faehre.de\/wp-content\/uploads\/2023\/05\/image3-1536x1086.jpeg 1536w, https:\/\/rhein-faehre.de\/wp-content\/uploads\/2023\/05\/image3.jpeg 1754w\" data-sizes=\"(max-width: 300px) 100vw, 300px\" src=\"data:image\/svg+xml;base64,PHN2ZyB3aWR0aD0iMSIgaGVpZ2h0PSIxIiB4bWxucz0iaHR0cDovL3d3dy53My5vcmcvMjAwMC9zdmciPjwvc3ZnPg==\" style=\"--smush-placeholder-width: 300px; --smush-placeholder-aspect-ratio: 300\/212;\" \/><\/a>\n\t\t\t<\/dt><\/dl>\n\t\t<\/div>\n<style>#colibri-2710-c33 .wp-caption-text.gallery-caption{display:none;}<\/style><\/div><\/div>\n<\/div>\n<\/div>\n<\/div>\n<\/div>\n<\/div>\n<\/div>\n<\/div>\n<\/div>\n<\/div>","protected":false},"excerpt":{"rendered":"<p>Auf \u00fcber 300 qm richten wir Ihre Firmen\/Private Feier aus. Bei uns haben Max. 450 G\u00e4ste Platz um ausgiebig zu feiern. Bei uns ist immer \u201eOpen Air\u201c! Ca. die H\u00e4lfte der Fahrbahn kann mit einem Segel gegen zu viel Sonne oder Regen \u00fcberspannt werden. Bei der Frage \u201ewohin fahren wir denn?\u201c helfen wir gerne. In [&hellip;]<\/p>\n","protected":false},"author":1,"featured_media":0,"parent":0,"menu_order":0,"comment_status":"closed","ping_status":"closed","template":"page-templates\/full-width-page.php","meta":{"ngg_post_thumbnail":0,"footnotes":""},"class_list":["post-2710","page","type-page","status-publish","hentry"],"_links":{"self":[{"href":"https:\/\/rhein-faehre.de\/index.php\/wp-json\/wp\/v2\/pages\/2710","targetHints":{"allow":["GET"]}}],"collection":[{"href":"https:\/\/rhein-faehre.de\/index.php\/wp-json\/wp\/v2\/pages"}],"about":[{"href":"https:\/\/rhein-faehre.de\/index.php\/wp-json\/wp\/v2\/types\/page"}],"author":[{"embeddable":true,"href":"https:\/\/rhein-faehre.de\/index.php\/wp-json\/wp\/v2\/users\/1"}],"replies":[{"embeddable":true,"href":"https:\/\/rhein-faehre.de\/index.php\/wp-json\/wp\/v2\/comments?post=2710"}],"version-history":[{"count":5,"href":"https:\/\/rhein-faehre.de\/index.php\/wp-json\/wp\/v2\/pages\/2710\/revisions"}],"predecessor-version":[{"id":12508,"href":"https:\/\/rhein-faehre.de\/index.php\/wp-json\/wp\/v2\/pages\/2710\/revisions\/12508"}],"wp:attachment":[{"href":"https:\/\/rhein-faehre.de\/index.php\/wp-json\/wp\/v2\/media?parent=2710"}],"curies":[{"name":"wp","href":"https:\/\/api.w.org\/{rel}","templated":true}]}}

Die Party Fähre

<div class="style-1162 style-local-2710-c1 position-relative" data-colibri-id="2710-c1">
<div id="reusable-sections" class="h-section h-section-global-spacing d-flex align-items-lg-center align-items-md-center align-items-center style-1163 style-local-2710-c2 position-relative" data-colibri-component="section" data-colibri-id="2710-c2">
<div class="h-section-grid-container h-section-boxed-container">
<div class="h-row-container gutters-row-lg-0 gutters-row-md-0 gutters-row-0 gutters-row-v-lg-0 gutters-row-v-md-0 gutters-row-v-0 style-1164 style-local-2710-c3 position-relative" data-colibri-id="2710-c3">
<div class="h-row justify-content-lg-center justify-content-md-center justify-content-center align-items-lg-stretch align-items-md-stretch align-items-stretch gutters-col-lg-0 gutters-col-md-0 gutters-col-0 gutters-col-v-lg-0 gutters-col-v-md-0 gutters-col-v-0">
<div class="h-column h-column-container d-flex h-col-lg-auto h-col-md-auto h-col-auto style-1165-outer style-local-2710-c4-outer">
<div class="d-flex h-flex-basis h-column__inner h-px-lg-2 h-px-md-2 h-px-2 v-inner-lg-2 v-inner-md-2 v-inner-2 style-1165 style-local-2710-c4 position-relative" data-colibri-id="2710-c4">
<div class="w-100 h-y-container h-column__content h-column__v-align flex-basis-100 align-self-lg-start align-self-md-start align-self-start">
<div class="page-title style-1166 style-local-2710-c5 position-relative h-element" data-colibri-id="2710-c5">
<div class="h-page-title__outer style-1166-outer style-local-2710-c5-outer">
<div class="h-global-transition-all"><span><h1 style='margin-bottom:0'>Die Party Fähre</h1></span></div>
</div>
</div>
</div>
</div>
</div>
<div class="h-column h-column-container d-flex h-col-lg-auto h-col-md-auto h-col-auto style-1167-outer style-local-2710-c6-outer">
<div class="d-flex h-flex-basis h-column__inner h-px-lg-2 h-px-md-2 h-px-2 v-inner-lg-2 v-inner-md-2 v-inner-2 style-1167 style-local-2710-c6 position-relative" data-colibri-id="2710-c6">
<div class="w-100 h-y-container h-column__content h-column__v-align flex-basis-100 align-self-lg-start align-self-md-start align-self-start">
<div class="h-text h-text-component style-1168 style-local-2710-c7 position-relative h-element" data-colibri-id="2710-c7">
<div class="">

Auf über 300 qm richten wir Ihre Firmen/Private Feier aus. Bei uns haben Max. 450 Gäste Platz um ausgiebig zu feiern.

Bei uns ist immer „Open Air“!

Ca. die Hälfte der Fahrbahn kann mit einem Segel gegen zu viel Sonne oder Regen überspannt werden. Bei der Frage „wohin fahren wir denn?“ helfen wir gerne.

In den frühen Abendstunden kann es los gehen, mit mehr oder weniger „Open End“…

Gerne beraten wir Sie persönlich zu den Möglichkeiten die die Rheinfähre Ihnen bietet.

Erster Kontakt an
<a draggable="false" href="mailto:info@rhein-faehre.de">info@rhein-faehre.de</a> oder direkt
<a draggable="false" href="tel:+491737044944">0173-7044944</a>.

Wir freuen uns auf Sie!

</div>
</div>
<div class="h-photo-gallery margin-none caption-none photo-gallery--with-hover-effect photo-gallery--with-hover-effect--zoom style-1194 style-local-2710-c33 position-relative h-element" data-colibri-component="masonry" data-colibri-id="2710-c33">
<div class="h-global-transition-all"><div id='colibri-2710-c33' class='gallery-wrapper'>    <style type="text/css">

        @media (min-width: 1023px) {        #colibri-2710-c33        dl {
            float: left;
            width: 25% !important;
            max-width: 25% !important;
            min-width: 25% !important;
        }

        #colibri-2710-c33        dl:nth-of-type(4n +1 ) {
            clear: both;
        }

        }@media (min-width: 768px) and (max-width: 1023px) {        #colibri-2710-c33        dl {
            float: left;
            width: 25% !important;
            max-width: 25% !important;
            min-width: 25% !important;
        }

        #colibri-2710-c33        dl:nth-of-type(4n +1 ) {
            clear: both;
        }

        }@media (max-width: 767px) {        #colibri-2710-c33        dl {
            float: left;
            width: 25% !important;
            max-width: 25% !important;
            min-width: 25% !important;
        }

        #colibri-2710-c33        dl:nth-of-type(4n +1 ) {
            clear: both;
        }

        }
        #colibri-2710-c33        .gallery-item {
            position: relative;
        }

        
    </style>
    <div   class='colibri-2710-c33-dls-wrapper gallery-items-wrapper' ><dl class='gallery-item masonry-item'>
			<dt class='gallery-icon landscape'>
				<a data-fancybox="colibri-2710-c33-group" href='https://rhein-faehre.de/wp-content/uploads/2023/05/image0.jpeg'><img decoding="async"  width="300" height="225" data-src="https://rhein-faehre.de/wp-content/uploads/2023/05/image0-300x225.jpeg"  class='colibri-2710-c33-image lazyload' alt="" data-srcset="https://rhein-faehre.de/wp-content/uploads/2023/05/image0-300x225.jpeg 300w, https://rhein-faehre.de/wp-content/uploads/2023/05/image0-1024x768.jpeg 1024w, https://rhein-faehre.de/wp-content/uploads/2023/05/image0-768x576.jpeg 768w, https://rhein-faehre.de/wp-content/uploads/2023/05/image0-1536x1152.jpeg 1536w, https://rhein-faehre.de/wp-content/uploads/2023/05/image0.jpeg 2016w" data-sizes="(max-width: 300px) 100vw, 300px" src="data:image/svg+xml;base64,PHN2ZyB3aWR0aD0iMSIgaGVpZ2h0PSIxIiB4bWxucz0iaHR0cDovL3d3dy53My5vcmcvMjAwMC9zdmciPjwvc3ZnPg==" style="--smush-placeholder-width: 300px; --smush-placeholder-aspect-ratio: 300/225;" /></a>
			</dt></dl><dl class='gallery-item masonry-item'>
			<dt class='gallery-icon landscape'>
				<a data-fancybox="colibri-2710-c33-group" href='https://rhein-faehre.de/wp-content/uploads/2023/05/image1.jpeg'><img decoding="async"  width="300" height="225" data-src="https://rhein-faehre.de/wp-content/uploads/2023/05/image1-300x225.jpeg"  class='colibri-2710-c33-image lazyload' alt="" data-srcset="https://rhein-faehre.de/wp-content/uploads/2023/05/image1-300x225.jpeg 300w, https://rhein-faehre.de/wp-content/uploads/2023/05/image1-1024x768.jpeg 1024w, https://rhein-faehre.de/wp-content/uploads/2023/05/image1-768x576.jpeg 768w, https://rhein-faehre.de/wp-content/uploads/2023/05/image1-1536x1152.jpeg 1536w, https://rhein-faehre.de/wp-content/uploads/2023/05/image1.jpeg 2016w" data-sizes="(max-width: 300px) 100vw, 300px" src="data:image/svg+xml;base64,PHN2ZyB3aWR0aD0iMSIgaGVpZ2h0PSIxIiB4bWxucz0iaHR0cDovL3d3dy53My5vcmcvMjAwMC9zdmciPjwvc3ZnPg==" style="--smush-placeholder-width: 300px; --smush-placeholder-aspect-ratio: 300/225;" /></a>
			</dt></dl><dl class='gallery-item masonry-item'>
			<dt class='gallery-icon landscape'>
				<a data-fancybox="colibri-2710-c33-group" href='https://rhein-faehre.de/wp-content/uploads/2023/05/image2.jpeg'><img decoding="async"  width="300" height="169" data-src="https://rhein-faehre.de/wp-content/uploads/2023/05/image2-300x169.jpeg"  class='colibri-2710-c33-image lazyload' alt="" data-srcset="https://rhein-faehre.de/wp-content/uploads/2023/05/image2-300x169.jpeg 300w, https://rhein-faehre.de/wp-content/uploads/2023/05/image2-1024x576.jpeg 1024w, https://rhein-faehre.de/wp-content/uploads/2023/05/image2-768x432.jpeg 768w, https://rhein-faehre.de/wp-content/uploads/2023/05/image2.jpeg 1280w" data-sizes="(max-width: 300px) 100vw, 300px" src="data:image/svg+xml;base64,PHN2ZyB3aWR0aD0iMSIgaGVpZ2h0PSIxIiB4bWxucz0iaHR0cDovL3d3dy53My5vcmcvMjAwMC9zdmciPjwvc3ZnPg==" style="--smush-placeholder-width: 300px; --smush-placeholder-aspect-ratio: 300/169;" /></a>
			</dt></dl><dl class='gallery-item masonry-item'>
			<dt class='gallery-icon landscape'>
				<a data-fancybox="colibri-2710-c33-group" href='https://rhein-faehre.de/wp-content/uploads/2023/05/image3.jpeg'><img decoding="async"  width="300" height="212" data-src="https://rhein-faehre.de/wp-content/uploads/2023/05/image3-300x212.jpeg"  class='colibri-2710-c33-image lazyload' alt="" data-srcset="https://rhein-faehre.de/wp-content/uploads/2023/05/image3-300x212.jpeg 300w, https://rhein-faehre.de/wp-content/uploads/2023/05/image3-1024x724.jpeg 1024w, https://rhein-faehre.de/wp-content/uploads/2023/05/image3-768x543.jpeg 768w, https://rhein-faehre.de/wp-content/uploads/2023/05/image3-1536x1086.jpeg 1536w, https://rhein-faehre.de/wp-content/uploads/2023/05/image3.jpeg 1754w" data-sizes="(max-width: 300px) 100vw, 300px" src="data:image/svg+xml;base64,PHN2ZyB3aWR0aD0iMSIgaGVpZ2h0PSIxIiB4bWxucz0iaHR0cDovL3d3dy53My5vcmcvMjAwMC9zdmciPjwvc3ZnPg==" style="--smush-placeholder-width: 300px; --smush-placeholder-aspect-ratio: 300/212;" /></a>
			</dt></dl>
		</div>
<style>#colibri-2710-c33 .wp-caption-text.gallery-caption{display:none;}</style></div></div>
</div>
</div>
</div>
</div>
</div>
</div>
</div>
</div>
</div>

<p>Auf über 300 qm richten wir Ihre Firmen/Private Feier aus. Bei uns haben Max. 450 Gäste Platz um ausgiebig zu feiern. Bei uns ist immer „Open Air“! Ca. die Hälfte der Fahrbahn kann mit einem Segel gegen zu viel Sonne oder Regen überspannt werden. Bei der Frage „wohin fahren wir denn?“ helfen wir gerne. In [&hellip;]</p>
